e of 1517?
False
Is 15844020 a multiple of 655?
False
Does 2131 divide 1709258052?
True
Is 232 a factor of 411575888?
True
Is 40871214 a multiple of 18?
True
Is 145 a factor of 1983043898?
False
Is 109948831 a multiple of 135?
False
Is 58205681 a multiple of 389?
True
Is 11 a factor of 513776422?
False
Is 3 a factor of 9474159?
True
Does 591 divide 63961292?
False
Does 41 divide 5594929467?
False
Is 5 a factor of 8221260?
True
Is 1458368253 a multiple of 130?
False
Does 3010 divide 52313800?
True
Is 133 a factor of 622544538?
True
Is 24828258 a multiple of 7?
True
Is 1913123 a multiple of 3?
False
Does 3499 divide 31622340?
False
Is 2605 a factor of 66602035?
True
Is 88855866 a multiple of 22?
True
Is 1877 a factor of 3748112818?
False
Is 231073025 a multiple of 79?
True
Does 2286 divide 176904396?
True
Is 438463451 a multiple of 4?
False
Does 296 divide 72763841?
False
Is 108 a factor of 139099306?
False
Is 2724 a factor of 155510344?
False
Is 10 a factor of 670262020?
True
Is 46822358 a multiple of 2142?
False
Is 175696235 a multiple of 23?
False
Is 1650061740 a multiple of 30?
True
Is 648666 a multiple of 9?
True
Is 344 a factor of 42151444?
False
Is 18 a factor of 1778027364?
True
Is 5568247 a multiple of 3?
False
Is 6032 a factor of 1738000162?
False
Does 18 divide 713523042?
True
Is 13 a factor of 262566304?
True
Is 2507 a factor of 2179262425?
False
Is 76930785 a multiple of 471?
True
Is 9 a factor of 30578945?
False
Is 784112672 a multiple of 551?
True
Is 60260392 a multiple of 23?
False
Does 19 divide 1664685?
True
Is 12 a factor of 4392?
True
Is 104792175 a multiple of 10?
False
Is 2 a factor of 41794318?
True
Is 968 a factor of 915929344?
True
Is 85118306 a multiple of 36?
False
Is 4012256 a multiple of 145?
False
Is 21163421 a multiple of 53?
False
Is 177005019 a multiple of 407?
False
Does 344 divide 17784175?
False
Does 1394 divide 8058714?
True
Is 45992875 a multiple of 5?
True
Is 12 a factor of 8220944?
False
Does 549 divide 309717801?
True
Does 93 divide 26965443?
True
Does 61 divide 72630626?
True
Does 94 divide 2162376?
True
Is 12013 a factor of 278703181?
False
Is 11 a factor of 67671967?
True
Is 316659468 a multiple of 174?
True
Is 24 a factor of 1779149874?
False
Is 307 a factor of 10327636?
False
Is 76427505 a multiple of 1617?
True
Is 50933719 a multiple of 11?
False
Is 135021360 a multiple of 16?
True
Is 179997462 a multiple of 17?
True
Is 66482414 a multiple of 10?
False
Is 372 a factor of 11132844?
True
Is 34695541 a multiple of 47?
True
Does 1549 divide 22696758?
False
Does 51 divide 411315765?
True
Is 83 a factor of 158930300?
False
Does 14 divide 526714678?
True
Is 73589394 a multiple of 57?
True
Is 1180 a factor of 57237662?
False
Is 253 a factor of 3796660709?
False
Is 502 a factor of 183057312?
True
Is 68 a factor of 37085500?
True
Does 6 divide 7503906?
True
Is 14159681 a multiple of 726?
False
Does 169 divide 166785840?
False
Is 268 a factor of 16100674?
False
Is 346 a factor of 108926682?
True
Is 72659139 a multiple of 69?
True
Does 43 divide 5780533096?
False
Is 8 a factor of 338354902?
False
Does 44 divide 1785402828?
True
Is 907076260 a multiple of 265?
False
Does 3 divide 580872?
True
Is 3 a factor of 109905745?
False
Does 7 divide 183332513?
True
Does 332 divide 1055323500?
False
Does 2 divide 6941133?
False
Does 1078 divide 184464257?
False
Is 8122464 a multiple of 34?
True
Does 3589 divide 979328296?
False
Is 36697536 a multiple of 288?
True
Is 388728665 a multiple of 1459?
True
Does 225 divide 6078407?
False
Is 22 a factor of 3504106?
False
Is 4215 a factor of 596666970?
True
Is 1711 a factor of 401607928?
False
Is 185 a factor of 211796325?
True
Does 5 divide 166918238?
False
Is 286 a factor of 281693618?
False
Is 78 a factor of 1904935994?
False
Is 6 a factor of 6862103?
False
Is 73 a factor of 31656532?
False
Is 58332409 a multiple of 61?
True
Does 104 divide 92358032?
True
Does 3829 divide 252086044?
True
Is 18 a factor of 51132311?
False
Does 1607 divide 1239022010?
False
Is 2 a factor of 30831506?
True
Does 724 divide 31117597?
False
Is 92 a factor of 464083328?
True
Is 311 a factor of 375305611?
False
Does 66 divide 437479114?
False
Does 3296 divide 20407440?
False
Is 21 a factor of 22548498?
True
Is 333737670 a multiple of 681?
True
Does 30 divide 799239870?
True
Is 5054319 a multiple of 621?
True
Is 700045766 a multiple of 519?
False
Is 69048031 a multiple of 203?
False
Is 2573944983 a multiple of 2596?
False
Is 475 a factor of 256216992?
False
Is 17777083 a multiple of 1282?
False
Is 35235531 a multiple of 212?
False
Does 116 divide 2528234?
False
Is 776076227 a multiple of 667?
False
Is 2580135 a multiple of 138?
False
Is 3 a factor of 76343472?
True
Does 815 divide 84240030?
True
Is 1047069824 a multiple of 1814?
True
Is 297550848 a multiple of 84?
True
Does 14 divide 1892220890?
True
Is 55 a factor of 530337280?
True
Does 3537 divide 201433885?
False
Is 1105 a factor of 15051085?
False
Is 95 a factor of 221933585?
True
Does 148 divide 23947072?
False
Is 21359174 a multiple of 3?
False
Does 62 divide 65211717?
False
Is 411335999 a multiple of 42?
False
Does 62 divide 868738916?
True
Is 130 a factor of 384128399?
False
Is 1127 a factor of 7976957?
False
Is 15276360 a multiple of 284?
True
Does 2589 divide 31885262?
False
Is 15161371 a multiple of 639?
False
Does 14 divide 45574972?
False
Does 2 divide 92816124?
True
Is 1179161745 a multiple of 8671?
False
Is 80271501 a multiple of 17?
True
Does 8 divide 31812795?
False
Does 6 divide 62957032?
False
Does 63 divide 55183743?
False
Is 118704 a multiple of 12?
True
Does 131 divide 243541314?
True
Is 22 a factor of 5239542?
True
Is 54455566 a multiple of 5?
False
Is 5 a factor of 14046886?
False
Does 18 divide 59207488?
False
Is 140402182 a multiple of 2027?
True
Is 40448038 a multiple of 311?
True
Does 77 divide 80333110?
False
Is 2392 a factor of 600458976?
True
Is 37147611 a multiple of 87?
False
Does 308 divide 5141312?
False
Does 53 divide 49645365?
True
Is 892145876 a multiple of 373?
True
Does 3 divide 131148630?
True
Is 32 a factor of 6534685?
False
Is 4573010606 a multiple of 2101?
False
Is 94 a factor of 2180366284?
True
Does 17 divide 207331083?
False
Does 38 divide 11258987?
False
Is 343 a factor of 21377478?
False
Is 78944459 a multiple of 2168?
False
Is 3 a factor of 5626875?
True
Is 572032543 a multiple of 8?
False
Is 698 a factor of 8714704?
False
Is 36 a factor of 188306640?
True
Is 3950488 a multiple of 820?
False
Does 20 divide 2049609880?
True
Is 1052288560 a multiple of 6?
False
Is 1028 a factor of 413678548?
False
Is 451451881 a multiple of 10?
False
Is 485 a factor of 22784330?
True
Is 13634936 a multiple of 7?
True
Is 433611904 a multiple of 176?
True
Does 6929 divide 1721033924?
False
Does 2644 divide 1862779964?
True
Is 35538520 a multiple of 157?
True
Does 1297 divide 66936322?
False
Does 8 divide 1583882072?
True
Is 13 a factor of 1897640461?
False
Is 1282 a factor of 2651356505?
False
Is 51025950 a multiple of 10?
True
Does 2 divide 14240835?
False
Is 605158554 a multiple of 42?
True
Does 12 divide 440262391?
False
Is 7501093 a multiple of 291?
False
Is 8489551 even?
False
Is 968 a factor of 4259880272?
False
Is 2 a factor of 1621626?
True
Is 35 a factor of 133801535?
True
Is 1011644282 a multiple of 26?
False
Is 44281581 a multiple of 219?
True
Is 5 a factor of 11306980?
True
Does 8 divide 4690896?
True
Is 146662054 a multiple of 77?
True
Is 32 a factor of 31526343?
False
Is 552270732 a multiple of 8476?
True
Is 54987653 a multiple of 23?
False
Is 480 a factor of 343631520?
True
Is 9 a factor of 57638966?
False
Does 571 divide 11788224?
False
Is 44523756 a multiple of 324?
True
Does 4003 divide 678148970?
False
Does 959 divide 48055906?
False
Does 1534 divide 531501854?
True
Is 10 a factor of 109189040?
True
Does 165 divide 313281375?
True
Is 22 a factor of 4061672?
False
Is 83589697 a multiple of 37?
True
Is 3229 a factor of 5236042930?
False
Is 1205737610 a multiple of 22?
True
Does 208 divide 24000773?
False
Does 34 divide 24261482?
True
Does 16 divide 17311104?
True
Does 8 divide 7193824?
True
Is 114262827 a multiple of 57?
True
Does 208 divide 75487558?
False
Does 1258 divide 14449407?
False
Is 150205032 